(-1) is divided by l.
11
Let i = 6 - 3. Suppose -2*z + 2 = -2*v, -4*v + 3*v + i = 0. Suppose z = 2*o + t, -4*o + 8 = -t - 0. What is the remainder when 3 is divided by o?
1
Let f = -41 - -105. Calculate the remainder when f is divided by 5.
4
Calculate the remainder when 69 is divided by 4/(2*4/(-8)) - -16.
9
Let h = 20 - 12. Let d = 121 - 55. Suppose 3*t + 0*t - d = 0. What is the remainder when t is divided by h?
6
Let x be 0 + 0 - (-8)/(-1). Let t = -3 - x. What is the remainder when t is divided by 3?
2
What is the remainder when 376/(-12)*9/(-6) is divided by 16?
15
Let n(g) = 3*g - 1. Let j be n(1). What is the remainder when 4*-1 + j + 4 is divided by 2?
0
Let w(p) = p**2 - 3*p. Calculate the remainder when 165 is divided by w(7).
25
Suppose 0 = 5*k - 4*y - 14, -4*k = -0*y + 3*y - 36. What is the remainder when 8 is divided by k?
2
What is the remainder when (-16452)/(-324) + ((-40)/(-18) - 2) is divided by (-9)/(-2)*(1 - -5)?
24
Let a = 123 + 97. Calculate the remainder when a is divided by 17.
16
Suppose 10 = -a + 11. What is the remainder when 4 is divided by a?
0
Calculate the remainder when 2/(-4)*78/(-3) is divided by 7.
6
Let w(u) = -u + 29. Suppose -183 + 48 = -3*p + 2*h, 5*p = 5*h + 225. Calculate the remainder when p is divided by w(13).
13
Suppose 3*r - 2*m - 33 = 0, m = 3*m. Let j(y) = y - 7. Let x be j(7). Calculate the remainder when (2 - x)/(1/10) is divided by r.
9
Suppose -y + 100 = -3*c - 160, c + 3*y = -100. Let x = c + 123. What is the remainder when x is divided by 9?
8
Let g(k) = k**3 + k + 79. What is the remainder when g(0) is divided by 41?
38
Let w(b) be the third derivative of -b**6/120 + b**5/12 + 7*b**4/24 - b**3/3 - b**2. What is the remainder when 13 is divided by w(6)?
1
Suppose 1218 = 14*y + 7*y. What is the remainder when y is divided by 21?
16
What is the remainder when ((-1)/(-3))/(2/210) is divided by 12?
11
Suppose -3*y = -b - 35, -4*y - 3*b + 23 + 15 = 0. Let h = -13 - -42. Suppose h - 72 = -r. What is the remainder when r is divided by y?
10
Let o(d) = -d**3 + 7*d**2 - 6*d - 7. Suppose -5*b + 23 - 3 = 0. Suppose f + b*f - 120 = 0. Calculate the remainder when f is divided by o(5).
11
Let u be -3 - -2 - 56/(-4). Let b = u + -7. Calculate the remainder when 21 is divided by b.
3
Let r be -1 - (-2 + 6/(-3)). Let n = -22 + 15. Let u = r - n. Calculate the remainder when u is divided by 6.
4
Let k be (0 - (-3)/(-2))*-2. Suppose k*u + c - 29 - 22 = 0, -2*u = -5*c - 51. Calculate the remainder when 71 is divided by u.
17
Let d = -240 - -257. Suppose -4*y - 2*k + 44 = 0, -y - k = k - 14. Calculate the remainder when d is divided by y.
7
Let a(w) = 2*w**2 + 9*w + 26. Let k(r) = -r**3 - 5*r**2 + 6*r + 8. Calculate the remainder when a(-4) is divided by k(-6).
6
Let i(b) = b**3 + 6*b**2 + b - 1. Suppose 16 = -2*v + 2. Let q(d) = d**3 + 8*d**2 + 9*d + 9. Let z be q(v). Calculate the remainder when i(z) is divided by 7.
5
Calculate the remainder when 53 is divided by (22/8)/((-15)/(-60)).
9
Suppose 24 = 4*v - 100. Let d(o) = -7*o - 3. Let w = -4 + 2. What is the remainder when v is divided by d(w)?
9
Suppose 0*m + 162 = 6*m. Let v(h) = h**3 - 6*h**2 - 7*h + 7. Calculate the remainder when m is divided by v(7).
6
Suppose 624 = 4*f + 108. Calculate the remainder when f is divided by 33.
30
Let o = 83 - 20. Calculate the remainder when o is divided by 32.
31
Calculate the remainder when 69 is divided by (-10*13)/(-5) - 2.
21
Let y(d) = 7*d**2 + 5*d + 4. Let i be -2*(0 + 6/4). Calculate the remainder when y(i) is divided by 18.
16
Let a(u) = 3*u**2 - 5*u - 7. Let z be a(-4). Suppose 4*c + 168 = 4*g, 5*g + 2*c - 202 = -c. Let p = z - g. Calculate the remainder when p is divided by 7.
6
Let m be -3 + (9 - (-6)/(-3)). Calculate the remainder when ((-22)/3)/((-4)/6) is divided by (-30)/(-4)*m/5.
5
Suppose -5*h + t + 210 = -68, 3*h - 150 = -5*t. What is the remainder when h is divided by 15?
10
What is the remainder when 181 is divided by (1/(-3))/((-3857)/(-966) + -4)?
43
Suppose -4 = -2*p - 0. Calculate the remainder when 33 is divided by (-27)/p*22/(-33).
6
Suppose 6*x = 10*x - 12. Calculate the remainder when 28 is divided by x.
1
Let s(x) = 2*x**3 - 5*x**2 + 7*x - 1. What is the remainder when s(3) is divided by 8?
5
Let h = -7 - -11. Let u(x) = -x**3 + x + 9. Let l be (-1 + -2 - -3)/2. Calculate the remainder when u(l) is divided by h.
1
What is the remainder when 6/(-10)*(9 + -74) is divided by 10?
9
Let z(v) = 32*v**2 - v + 2. Calculate the remainder when z(1) is divided by 19.
14
Let t = 222 - 171. Calculate the remainder when 252 is divided by t.
48
Let t = -17 + 46. Let x(d) = -d**2 + 4*d - 4. Let j(q) = -3*q + 3. Let u(p) = -5*j(p) - 4*x(p). What is the remainder when t is divided by u(2)?
14
Let b = -49 + 26. Let v = -11 - b. Calculate the remainder when v is divided by 5.
2
Let y(n) = n**3 + 3*n**2 - 5*n - 2. Let w(c) = c**2 + c + 8. What is the remainder when w(-7) is divided by y(-3)?
11
Calculate the remainder when 133 is divided by ((-92)/20)/((-5)/25).
18
Suppose 2*x - x = -4, 4*x + 38 = 2*f. What is the remainder when f is divided by 7?
4
Suppose 0 = 3*k + 3*q - 30, 2*q - 46 = -4*k - 0. Suppose -k = -y + 6. Suppose y = 2*t - 11. What is the remainder when 29 is divided by t?
14
Let r = -18 - -24. Calculate the remainder when 15 is divided by r.
3
Suppose 3*u - 254 = t - 57, -124 = -2*u - 3*t. Let j = u - 46. What is the remainder when j is divided by 7?
5
Suppose -n + 5*u = 17, -5*u = -n - u - 13. Suppose -3*d = -25 + 13. Calculate the remainder when d is divided by n.
1
Suppose -5*a - 75 = -5*c, -3*a = a - 5*c + 57. What is the remainder when 12/a - (-23)/3 is divided by 2?
1
Let l = -46 - -48. What is the remainder when l is divided by 2?
0
Suppose -y + 33 = -3*h - 0*h, h = 4*y - 132. What is the remainder when y is divided by 4?
1
Suppose u - y = -2*u + 65, 5*y = 2*u - 65. Calculate the remainder when u is divided by 3.
2
Let j = -21 + 76. Suppose u - 6 = -u. Suppose -t - u*t + 56 = 0. What is the remainder when j is divided by t?
13
What is the remainder when 83 is divided by (-57)/6*-3 + 8/(-16)?
27
Let c(d) = d**2 + 7*d - 17. Calculate the remainder when c(8) is divided by 26.
25
Let s be (-4)/3*3/(-2). Suppose s*i = -2*i + 4. Suppose 0 = -5*r + 20, -m = -r - 0*r + 2. What is the remainder when m is divided by i?
0
Let p(o) = o - 9. Let t be p(6). Let r = 1 - t. Suppose r = 2*k - 28. Calculate the remainder when 47 is divided by k.
15
Let p = -11 + 17. Let r = -5 + p. Calculate the remainder when 1 is divided by r.
0
Suppose 2*r = 5 + 21. Let o(j) be the second derivative of j**4/4 + 2*j**3/3 - j**2 - j. Calculate the remainder when o(3) is divided by r.
11
Suppose -144 + 16 = -2*p. What is the remainder when 190 is divided by p?
62
Suppose 4*d = 3*f + 190, -25 = -d - 2*f + 17. What is the remainder when d is divided by 16?
14
Let r = -19 - -31. Let p = 25 + -4. What is the remainder when p is divided by 3/(-1 + -2) + r?
10
Let j(b) = b + 4. Let f be j(7). Suppose -3*k = -2*n - 25, 3*k + 8*n = 3*n + f. Calculate the remainder when k is divided by 1/(18/8 + -2).
3
Suppose 5*b + 5*s - 520 = 0, 2*s - 60 = -5*b + 457. What is the remainder when b is divided by 26?
25
Suppose q + 27 = 3*m, 0*q + 3*q - 9 = 0. Suppose 5*b + 74 = 7*b. Calculate the remainder when b is divided by m.
7
Suppose 2*r - 2*l + 13 - 39 = 0, 3*r - 4*l - 40 = 0. Calculate the remainder when 33 is divided by r.
9
Let a = 5 - 2. Suppose -a*m + 20 = m. Calculate the remainder when -4*(-1)/(4/13) is divided by m.
3
Let m(h) = h + 1. Let i(u) = u**3 + 6*u**2 - 7*u + 2. Let f = -17 + 10. Calculate the remainder when m(3) is divided by i(f).
0
Suppose 3*c + 2*c = 540. Let m be 1/(3/c)*-1. Let k = -2 - m. What is the remainder when k is divided by 12?
10
Let h(o) = -5 + o**2 + 4*o**2 + 6*o - 3*o**2 + o**3 - 7*o**2. Calculate the remainder when 3 is divided by h(4).
0
Let l = 18 + -53. Let r = l - -60. Calculate the remainder when 72 is divided by r.
22
Let g(t) = t**3 - 8*t**2 + 9*t - 9. Let u be g(7). Let o = 7 - 4. Suppose -o*k = y - 18, k - u*y - 22 = -0*k. What is the remainder when 20 is divided by k?
6
Suppose 0 = -3*q + 5*q - 34. What is the remainder when 48 is divided by q?
14
Let s(c) = 27*c**3 - c**2 + c - 1. Calculate 